{"id":926,"date":"2018-09-11T19:32:54","date_gmt":"2018-09-12T01:32:54","guid":{"rendered":"https:\/\/todovalle.com\/bienes-raices-en-valle-de-bravo\/?page_id=926"},"modified":"2023-05-18T04:48:42","modified_gmt":"2023-05-18T10:48:42","slug":"terrenos-en-condominio","status":"publish","type":"page","link":"https:\/\/todovalle.com\/bienes-raices-en-valle-de-bravo\/terrenos-en-condominio\/","title":{"rendered":"Terrenos en condominio en Valle de Bravo"},"content":{"rendered":"\r\n<div class=\"acadp acadp-listings acadp-grid-view\">\r\n\t\t\t<!-- header here -->\r\n        <p><h2>Listado de terrenos en conjuntos, desarrollos o condominios en Valle de Bravo<\/h2><\/p>        \r\n                    <div class=\"row acadp-no-margin\">\r\n                <form action=\"https:\/\/todovalle.com\/bienes-raices-en-valle-de-bravo\/terrenos-en-condominio\/\" method=\"POST\" class=\"form-inline\">\r\n                    <div class=\"btn-toolbar\" role=\"toolbar\">\r\n                                        \r\n                                                    <!-- Orderby dropdown -->\r\n                            <div class=\"btn-group pull-right acadp-xs-clear-float\" role=\"group\">\r\n                                <div class=\"form-group\">\r\n                                    <select name=\"sort\" class=\"form-control\" onchange=\"this.form.action=this.value; this.form.submit();\">\r\n                                        <option value=\"\/bienes-raices-en-valle-de-bravo\/wp-json\/wp\/v2\/pages\/926?sort=date-desc\">-- Ordenar por --<\/option><option value=\"\/bienes-raices-en-valle-de-bravo\/wp-json\/wp\/v2\/pages\/926?sort=title-asc\" >A to Z (title)<\/option><option value=\"\/bienes-raices-en-valle-de-bravo\/wp-json\/wp\/v2\/pages\/926?sort=title-desc\" >Z to A (title)<\/option><option value=\"\/bienes-raices-en-valle-de-bravo\/wp-json\/wp\/v2\/pages\/926?sort=date-desc\"  selected='selected'>Recently added (latest)<\/option><option value=\"\/bienes-raices-en-valle-de-bravo\/wp-json\/wp\/v2\/pages\/926?sort=date-asc\" >Date added (oldest)<\/option><option value=\"\/bienes-raices-en-valle-de-bravo\/wp-json\/wp\/v2\/pages\/926?sort=views-desc\" >M\u00e1s vistos<\/option><option value=\"\/bienes-raices-en-valle-de-bravo\/wp-json\/wp\/v2\/pages\/926?sort=views-asc\" >Menos visto<\/option><option value=\"\/bienes-raices-en-valle-de-bravo\/wp-json\/wp\/v2\/pages\/926?sort=price-asc\" >Price (low to high)<\/option><option value=\"\/bienes-raices-en-valle-de-bravo\/wp-json\/wp\/v2\/pages\/926?sort=price-desc\" >Price (high to low)<\/option>                                    <\/select>\r\n                                <\/div>\r\n                            <\/div>\r\n                                                \r\n                                           \r\n                    <\/div>\r\n                <\/form>\r\n            <\/div>\r\n                \r\n\t<div class=\"acadp-divider\"><\/div>\r\n    \r\n\t<!-- the loop -->\r\n    <div class=\"acadp-body\">\r\n\t\t    \r\n                            <div class=\"row\">\r\n                        \r\n                <div class=\"col-md-4\">\r\n                    <div class=\"thumbnail acadp-entry acadp-entry-featured\">\r\n                                                    <a href=\"https:\/\/todovalle.com\/bienes-raices-en-valle-de-bravo\/acadp_listings\/terreno-cerro-gordo\/\" class=\"acadp-responsive-container\"><img decoding=\"async\" src=\"https:\/\/todovalle.com\/bienes-raices-en-valle-de-bravo\/wp-content\/uploads\/2023\/12\/IMG_20231107_103326-300x169.jpg?v=1703003856\" alt=\"\" \/><\/a>      \t\r\n                                        \r\n                        <div class=\"caption\">\r\n                            <div class=\"acadp-listings-title-block\">\r\n                                <h3 class=\"acadp-no-margin\"><a href=\"https:\/\/todovalle.com\/bienes-raices-en-valle-de-bravo\/acadp_listings\/terreno-cerro-gordo\/\">Terreno cerro gordo<\/a><\/h3>\r\n                            <\/div>\r\n                            \r\n                            <p class=\"acadp-no-margin\"><small class=\"text-muted\"><\/small><\/p><p class=\"acadp-no-margin\"><small><span class=\"glyphicon glyphicon-briefcase\"><\/span>&nbsp;<a href=\"https:\/\/todovalle.com\/bienes-raices-en-valle-de-bravo\/categoria-2\/terrenos-en-condominio\/\">Terrenos en condominio<\/a> \/ <span class=\"glyphicon glyphicon-map-marker\"><\/span>&nbsp;<a href=\"https:\/\/todovalle.com\/bienes-raices-en-valle-de-bravo\/ubicacion\/cerro-gordo\/\">Cerro Gordo<\/a> \/ <span class=\"label label-success\">Popular<\/span>&nbsp;<span class=\"label label-warning\">Destacado<\/span><\/small><\/p><p class=\"lead acadp-listings-price\">MXP 6,000,000.00<\/p>                            \r\n                                                    <\/div>\r\n                    <\/div>\r\n                <\/div>\r\n                \r\n                               \r\n            \r\n                        \r\n                <div class=\"col-md-4\">\r\n                    <div class=\"thumbnail acadp-entry acadp-entry-featured\">\r\n                                                    <a href=\"https:\/\/todovalle.com\/bienes-raices-en-valle-de-bravo\/acadp_listings\/lotes-en-condominio-en-venta\/\" class=\"acadp-responsive-container\"><img decoding=\"async\" src=\"https:\/\/todovalle.com\/bienes-raices-en-valle-de-bravo\/wp-content\/uploads\/2023\/09\/tierra-pura-avandaro03-300x225.jpg?v=1694215975\" alt=\"\" \/><\/a>      \t\r\n                                        \r\n                        <div class=\"caption\">\r\n                            <div class=\"acadp-listings-title-block\">\r\n                                <h3 class=\"acadp-no-margin\"><a href=\"https:\/\/todovalle.com\/bienes-raices-en-valle-de-bravo\/acadp_listings\/lotes-en-condominio-en-venta\/\">Lotes en condominio en venta<\/a><\/h3>\r\n                            <\/div>\r\n                            \r\n                            <p class=\"acadp-no-margin\"><small class=\"text-muted\"><\/small><\/p><p class=\"acadp-no-margin\"><small><span class=\"glyphicon glyphicon-briefcase\"><\/span>&nbsp;<a href=\"https:\/\/todovalle.com\/bienes-raices-en-valle-de-bravo\/categoria-2\/terrenos-en-condominio\/\">Terrenos en condominio<\/a> \/ <span class=\"glyphicon glyphicon-map-marker\"><\/span>&nbsp;<a href=\"https:\/\/todovalle.com\/bienes-raices-en-valle-de-bravo\/ubicacion\/avandaro\/\">Av\u00e1ndaro<\/a> \/ <span class=\"label label-success\">Popular<\/span>&nbsp;<span class=\"label label-warning\">Destacado<\/span><\/small><\/p><p class=\"lead acadp-listings-price\">MXP 8,800,000.00<\/p>                            \r\n                                                    <\/div>\r\n                    <\/div>\r\n                <\/div>\r\n                \r\n                               \r\n            \r\n                        \r\n                <div class=\"col-md-4\">\r\n                    <div class=\"thumbnail acadp-entry acadp-entry-featured\">\r\n                                                    <a href=\"https:\/\/todovalle.com\/bienes-raices-en-valle-de-bravo\/acadp_listings\/residencial-boreal-en-venta\/\" class=\"acadp-responsive-container\"><img decoding=\"async\" src=\"https:\/\/todovalle.com\/bienes-raices-en-valle-de-bravo\/wp-content\/uploads\/2023\/05\/Boreal-2-300x196.png?v=1683573973\" alt=\"\" \/><\/a>      \t\r\n                                        \r\n                        <div class=\"caption\">\r\n                            <div class=\"acadp-listings-title-block\">\r\n                                <h3 class=\"acadp-no-margin\"><a href=\"https:\/\/todovalle.com\/bienes-raices-en-valle-de-bravo\/acadp_listings\/residencial-boreal-en-venta\/\">RESIDENCIAL BOREAL EN VENTA<\/a><\/h3>\r\n                            <\/div>\r\n                            \r\n                            <p class=\"acadp-no-margin\"><small class=\"text-muted\"><\/small><\/p><p class=\"acadp-no-margin\"><small><span class=\"glyphicon glyphicon-briefcase\"><\/span>&nbsp;<a href=\"https:\/\/todovalle.com\/bienes-raices-en-valle-de-bravo\/categoria-2\/terrenos-en-condominio\/\">Terrenos en condominio<\/a> \/ <span class=\"label label-success\">Popular<\/span>&nbsp;<span class=\"label label-warning\">Destacado<\/span><\/small><\/p><p class=\"lead acadp-listings-price\">MXP 7,500,000.00<\/p>                            \r\n                                                    <\/div>\r\n                    <\/div>\r\n                <\/div>\r\n                \r\n                            <\/div>\r\n                               \r\n            \r\n                            <div class=\"row\">\r\n                        \r\n                <div class=\"col-md-4\">\r\n                    <div class=\"thumbnail acadp-entry acadp-entry-featured\">\r\n                                                    <a href=\"https:\/\/todovalle.com\/bienes-raices-en-valle-de-bravo\/acadp_listings\/terreno-en-venta-para-desarrollar\/\" class=\"acadp-responsive-container\"><img decoding=\"async\" src=\"https:\/\/todovalle.com\/bienes-raices-en-valle-de-bravo\/wp-content\/uploads\/2022\/08\/terreno-venta-avandaro-2-300x169.jpeg?v=1678738950\" alt=\"\" \/><\/a>      \t\r\n                                        \r\n                        <div class=\"caption\">\r\n                            <div class=\"acadp-listings-title-block\">\r\n                                <h3 class=\"acadp-no-margin\"><a href=\"https:\/\/todovalle.com\/bienes-raices-en-valle-de-bravo\/acadp_listings\/terreno-en-venta-para-desarrollar\/\">Terreno en venta en Av\u00e1ndaro, Valle de Bravo para desarrollar<\/a><\/h3>\r\n                            <\/div>\r\n                            \r\n                            <p class=\"acadp-no-margin\"><small class=\"text-muted\"><\/small><\/p><p class=\"acadp-no-margin\"><small><span class=\"glyphicon glyphicon-briefcase\"><\/span>&nbsp;<a href=\"https:\/\/todovalle.com\/bienes-raices-en-valle-de-bravo\/categoria-2\/terrenos-en-condominio\/\">Terrenos en condominio<\/a> \/ <span class=\"glyphicon glyphicon-map-marker\"><\/span>&nbsp;<a href=\"https:\/\/todovalle.com\/bienes-raices-en-valle-de-bravo\/ubicacion\/avandaro\/\">Av\u00e1ndaro<\/a> \/ <span class=\"label label-success\">Popular<\/span>&nbsp;<span class=\"label label-warning\">Destacado<\/span><\/small><\/p><p class=\"lead acadp-listings-price\">MXP 3,000.00<\/p>                            \r\n                                                    <\/div>\r\n                    <\/div>\r\n                <\/div>\r\n                \r\n                               \r\n            \r\n                        \r\n                <div class=\"col-md-4\">\r\n                    <div class=\"thumbnail acadp-entry acadp-entry-featured\">\r\n                                                    <a href=\"https:\/\/todovalle.com\/bienes-raices-en-valle-de-bravo\/acadp_listings\/terreno-en-venta-en-hacienda-santana\/\" class=\"acadp-responsive-container\"><img decoding=\"async\" src=\"https:\/\/todovalle.com\/bienes-raices-en-valle-de-bravo\/wp-content\/uploads\/2022\/09\/Terreno_venta_valle_rancho_lago-4-300x225.jpeg?v=1673639823\" alt=\"\" \/><\/a>      \t\r\n                                        \r\n                        <div class=\"caption\">\r\n                            <div class=\"acadp-listings-title-block\">\r\n                                <h3 class=\"acadp-no-margin\"><a href=\"https:\/\/todovalle.com\/bienes-raices-en-valle-de-bravo\/acadp_listings\/terreno-en-venta-en-hacienda-santana\/\">Terreno en venta en Valle Santana<\/a><\/h3>\r\n                            <\/div>\r\n                            \r\n                            <p class=\"acadp-no-margin\"><small class=\"text-muted\"><\/small><\/p><p class=\"acadp-no-margin\"><small><span class=\"glyphicon glyphicon-briefcase\"><\/span>&nbsp;<a href=\"https:\/\/todovalle.com\/bienes-raices-en-valle-de-bravo\/categoria-2\/terrenos-en-condominio\/\">Terrenos en condominio<\/a> \/ <span class=\"glyphicon glyphicon-map-marker\"><\/span>&nbsp;<a href=\"https:\/\/todovalle.com\/bienes-raices-en-valle-de-bravo\/ubicacion\/valle-santana\/\">Valle Santana<\/a> \/ <span class=\"label label-success\">Popular<\/span>&nbsp;<span class=\"label label-warning\">Destacado<\/span><\/small><\/p><p class=\"lead acadp-listings-price\">MXP 6,500,000.00<\/p>                            \r\n                                                    <\/div>\r\n                    <\/div>\r\n                <\/div>\r\n                \r\n                               \r\n            \r\n                        \r\n                <div class=\"col-md-4\">\r\n                    <div class=\"thumbnail acadp-entry acadp-entry-featured\">\r\n                                                    <a href=\"https:\/\/todovalle.com\/bienes-raices-en-valle-de-bravo\/acadp_listings\/deasarrollo-ecologico-unico\/\" class=\"acadp-responsive-container\"><img decoding=\"async\" src=\"https:\/\/todovalle.com\/bienes-raices-en-valle-de-bravo\/wp-content\/uploads\/2020\/07\/01-300x225.jpg\" alt=\"\" \/><\/a>      \t\r\n                                        \r\n                        <div class=\"caption\">\r\n                            <div class=\"acadp-listings-title-block\">\r\n                                <h3 class=\"acadp-no-margin\"><a href=\"https:\/\/todovalle.com\/bienes-raices-en-valle-de-bravo\/acadp_listings\/deasarrollo-ecologico-unico\/\">Desarrollo ecol\u00f3gico \u00fanico, 8 lotes en pre-venta | TodoValle<\/a><\/h3>\r\n                            <\/div>\r\n                            \r\n                            <p class=\"acadp-no-margin\"><small class=\"text-muted\"><\/small><\/p><p class=\"acadp-no-margin\"><small><span class=\"glyphicon glyphicon-briefcase\"><\/span>&nbsp;<a href=\"https:\/\/todovalle.com\/bienes-raices-en-valle-de-bravo\/categoria-2\/terrenos-en-condominio\/\">Terrenos en condominio<\/a> \/ <span class=\"glyphicon glyphicon-map-marker\"><\/span>&nbsp;<a href=\"https:\/\/todovalle.com\/bienes-raices-en-valle-de-bravo\/ubicacion\/valle-de-bravo\/\">Pueblo, Valle de Bravo<\/a> \/ <span class=\"label label-success\">Popular<\/span>&nbsp;<span class=\"label label-warning\">Destacado<\/span><\/small><\/p><p class=\"lead acadp-listings-price\">MXP 5,700,000.00<\/p>                            \r\n                                                    <\/div>\r\n                    <\/div>\r\n                <\/div>\r\n                \r\n                            <\/div>\r\n                               \r\n            \r\n                            <div class=\"row\">\r\n                        \r\n                <div class=\"col-md-4\">\r\n                    <div class=\"thumbnail acadp-entry\">\r\n                                                    <a href=\"https:\/\/todovalle.com\/bienes-raices-en-valle-de-bravo\/acadp_listings\/terreno-en-venta-en-condominio\/\" class=\"acadp-responsive-container\"><img decoding=\"async\" src=\"https:\/\/todovalle.com\/bienes-raices-en-valle-de-bravo\/wp-content\/uploads\/2023\/06\/WhatsApp-Image-2023-05-03-at-13.27.34-300x234.jpeg?v=1686938441\" alt=\"\" \/><\/a>      \t\r\n                                        \r\n                        <div class=\"caption\">\r\n                            <div class=\"acadp-listings-title-block\">\r\n                                <h3 class=\"acadp-no-margin\"><a href=\"https:\/\/todovalle.com\/bienes-raices-en-valle-de-bravo\/acadp_listings\/terreno-en-venta-en-condominio\/\">Terreno en venta en Condominio<\/a><\/h3>\r\n                            <\/div>\r\n                            \r\n                            <p class=\"acadp-no-margin\"><small class=\"text-muted\"><\/small><\/p><p class=\"acadp-no-margin\"><small><span class=\"glyphicon glyphicon-briefcase\"><\/span>&nbsp;<a href=\"https:\/\/todovalle.com\/bienes-raices-en-valle-de-bravo\/categoria-2\/terrenos-en-condominio\/\">Terrenos en condominio<\/a> \/ <span class=\"label label-success\">Popular<\/span><\/small><\/p><p class=\"lead acadp-listings-price\">MXP 7,690,000.00<\/p>                            \r\n                                                    <\/div>\r\n                    <\/div>\r\n                <\/div>\r\n                \r\n                               \r\n            \r\n                        \r\n                <div class=\"col-md-4\">\r\n                    <div class=\"thumbnail acadp-entry\">\r\n                                                    <a href=\"https:\/\/todovalle.com\/bienes-raices-en-valle-de-bravo\/acadp_listings\/lote-condominal-en-el-coporito\/\" class=\"acadp-responsive-container\"><img decoding=\"async\" src=\"https:\/\/todovalle.com\/bienes-raices-en-valle-de-bravo\/wp-content\/uploads\/2018\/07\/lote-condominal-en-el-coporito_1-300x169.jpg\" alt=\"\" \/><\/a>      \t\r\n                                        \r\n                        <div class=\"caption\">\r\n                            <div class=\"acadp-listings-title-block\">\r\n                                <h3 class=\"acadp-no-margin\"><a href=\"https:\/\/todovalle.com\/bienes-raices-en-valle-de-bravo\/acadp_listings\/lote-condominal-en-el-coporito\/\">Lote condominal en El Coporito<\/a><\/h3>\r\n                            <\/div>\r\n                            \r\n                            <p class=\"acadp-no-margin\"><small class=\"text-muted\"><\/small><\/p><p class=\"acadp-no-margin\"><small><span class=\"glyphicon glyphicon-briefcase\"><\/span>&nbsp;<a href=\"https:\/\/todovalle.com\/bienes-raices-en-valle-de-bravo\/categoria-2\/terrenos-en-condominio\/\">Terrenos en condominio<\/a> \/ <span class=\"glyphicon glyphicon-map-marker\"><\/span>&nbsp;<a href=\"https:\/\/todovalle.com\/bienes-raices-en-valle-de-bravo\/ubicacion\/el-coporito\/\">El Coporito<\/a> \/ <span class=\"label label-success\">Popular<\/span><\/small><\/p><p class=\"lead acadp-listings-price\">MXP 5,000,000.00<\/p>                            \r\n                                                    <\/div>\r\n                    <\/div>\r\n                <\/div>\r\n                \r\n                            <\/div>\r\n                               \r\n            <\/div>\r\n    <!-- end of the loop -->\r\n    \r\n    <!-- use reset postdata to restore orginal query -->\r\n        \r\n    <!-- pagination here -->\r\n    <\/div>\r\n\r\n<div class=\"acadp-social\"><a class=\"acadp-social-link acadp-social-facebook\" href=\"https:\/\/www.facebook.com\/sharer\/sharer.php?u=https:\/\/todovalle.com\/bienes-raices-en-valle-de-bravo\/wp-json\/wp\/v2\/pages\/926\" target=\"_blank\">Facebook<\/a> <a class=\"acadp-social-link acadp-social-twitter\" href=\"https:\/\/twitter.com\/intent\/tweet?text=Lote%20condominal%20en%20El%20Coporito&amp;url=https:\/\/todovalle.com\/bienes-raices-en-valle-de-bravo\/wp-json\/wp\/v2\/pages\/926\" target=\"_blank\">Twiter<\/a> <a class=\"acadp-social-link acadp-social-whatsapp\" href=\"https:\/\/api.whatsapp.com\/send?text=Lote%20condominal%20en%20El%20Coporito&nbsp;https:\/\/todovalle.com\/bienes-raices-en-valle-de-bravo\/wp-json\/wp\/v2\/pages\/926\" target=\"_blank\" data-text=\"Lote%20condominal%20en%20El%20Coporito\" data-link=\"https:\/\/todovalle.com\/bienes-raices-en-valle-de-bravo\/wp-json\/wp\/v2\/pages\/926\">WhatsApp<\/a><\/div>\n<h2>Compra Venta de terrenos en condominio en Valle de Bravo<\/h2>\n<p>En TodoValle, llevamos m\u00e1s de 25 a\u00f1os ayudando a nuestros clientes a encontrar los mejores terrenos en venta en condominio en Valle de Bravo y Av\u00e1ndaro. Comprar un terreno en condominio es una excelente opci\u00f3n para quienes buscan invertir en Valle de Bravo, ya que ofrece grandes ventajas. La primera, sin duda, es la seguridad de estar invirtiendo en un proyecto junto con otros inversionistas, lo que disminuye el riesgo de inversi\u00f3n. Adem\u00e1s, los terrenos en condominio suelen contar con servicios y amenidades exclusivas para sus residentes, como albercas, \u00e1reas verdes y seguridad privada, lo que aumenta su valor y atractivo como inversi\u00f3n. En TodoValle, contamos con una amplia variedad de terrenos en condominio en diferentes zonas de Valle de Bravo y Av\u00e1ndaro, y contamos con la experiencia necesaria para asesorar a nuestros clientes en cada paso del proceso de compra, incluyendo tr\u00e1mites legales para la compra venta de terrenos ejidales o comunales. Si est\u00e1s buscando invertir en Valle de Bravo, no dudes en contactarnos. En TodoValle, estamos comprometidos en ayudarte a encontrar el terreno en condominio perfecto para que puedas invertir con seguridad y obtener grandes beneficios en el futuro.<\/p>\n<!-- AddThis Advanced Settings generic via filter on the_content --><!-- AddThis Share Buttons generic via filter on the_content -->","protected":false},"excerpt":{"rendered":"<p>Compra Venta de terrenos en condominio en Valle de Bravo En TodoValle, llevamos m\u00e1s de 25 a\u00f1os ayudando a nuestros clientes a encontrar los mejores terrenos en venta en condominio en Valle de Bravo y Av\u00e1ndaro. Comprar un terreno en condominio es una excelente opci\u00f3n para quienes buscan invertir en Valle de Bravo, ya que ofrece grandes ventajas. La primera, sin duda, es la seguridad de estar invirtiendo en un proyecto junto con otros inversionistas, [&hellip;]<!-- AddThis Advanced Settings generic via filter on get_the_excerpt --><!-- AddThis Share Buttons generic via filter on get_the_excerpt --><\/p>\n","protected":false},"author":1,"featured_media":0,"parent":0,"menu_order":0,"comment_status":"closed","ping_status":"closed","template":"","meta":{"_monsterinsights_skip_tracking":false,"_monsterinsights_sitenote_active":false,"_monsterinsights_sitenote_note":"","_monsterinsights_sitenote_category":0,"footnotes":""},"class_list":["post-926","page","type-page","status-publish","hentry"],"_links":{"self":[{"href":"https:\/\/todovalle.com\/bienes-raices-en-valle-de-bravo\/wp-json\/wp\/v2\/pages\/926","targetHints":{"allow":["GET"]}}],"collection":[{"href":"https:\/\/todovalle.com\/bienes-raices-en-valle-de-bravo\/wp-json\/wp\/v2\/pages"}],"about":[{"href":"https:\/\/todovalle.com\/bienes-raices-en-valle-de-bravo\/wp-json\/wp\/v2\/types\/page"}],"author":[{"embeddable":true,"href":"https:\/\/todovalle.com\/bienes-raices-en-valle-de-bravo\/wp-json\/wp\/v2\/users\/1"}],"replies":[{"embeddable":true,"href":"https:\/\/todovalle.com\/bienes-raices-en-valle-de-bravo\/wp-json\/wp\/v2\/comments?post=926"}],"version-history":[{"count":4,"href":"https:\/\/todovalle.com\/bienes-raices-en-valle-de-bravo\/wp-json\/wp\/v2\/pages\/926\/revisions"}],"predecessor-version":[{"id":6182,"href":"https:\/\/todovalle.com\/bienes-raices-en-valle-de-bravo\/wp-json\/wp\/v2\/pages\/926\/revisions\/6182"}],"wp:attachment":[{"href":"https:\/\/todovalle.com\/bienes-raices-en-valle-de-bravo\/wp-json\/wp\/v2\/media?parent=926"}],"curies":[{"name":"wp","href":"https:\/\/api.w.org\/{rel}","templated":true}]}}