{"id":2204,"date":"2020-02-24T17:40:20","date_gmt":"2020-02-24T23:40:20","guid":{"rendered":"https:\/\/todovalle.com\/bienes-raices-en-valle-de-bravo\/?page_id=2204"},"modified":"2023-05-01T01:21:27","modified_gmt":"2023-05-01T07:21:27","slug":"locales-comerciales","status":"publish","type":"page","link":"https:\/\/todovalle.com\/bienes-raices-en-valle-de-bravo\/locales-comerciales\/","title":{"rendered":"Locales comerciales"},"content":{"rendered":"\n<figure class=\"wp-block-image size-large is-style-rounded\"><img loading=\"lazy\" decoding=\"async\" width=\"1024\" height=\"1024\" src=\"https:\/\/todovalle.com\/bienes-raices-en-valle-de-bravo\/wp-content\/uploads\/2023\/04\/bar-1024x1024.jpg\" alt=\"\" class=\"wp-image-6292\" srcset=\"https:\/\/todovalle.com\/bienes-raices-en-valle-de-bravo\/wp-content\/uploads\/2023\/04\/bar-1024x1024.jpg?v=1682828278 1024w, https:\/\/todovalle.com\/bienes-raices-en-valle-de-bravo\/wp-content\/uploads\/2023\/04\/bar-300x300.jpg?v=1682828278 300w, https:\/\/todovalle.com\/bienes-raices-en-valle-de-bravo\/wp-content\/uploads\/2023\/04\/bar-150x150.jpg?v=1682828278 150w, https:\/\/todovalle.com\/bienes-raices-en-valle-de-bravo\/wp-content\/uploads\/2023\/04\/bar-768x768.jpg?v=1682828278 768w, https:\/\/todovalle.com\/bienes-raices-en-valle-de-bravo\/wp-content\/uploads\/2023\/04\/bar-1536x1536.jpg?v=1682828278 1536w, https:\/\/todovalle.com\/bienes-raices-en-valle-de-bravo\/wp-content\/uploads\/2023\/04\/bar.jpg?v=1682828278 2048w, https:\/\/todovalle.com\/bienes-raices-en-valle-de-bravo\/wp-content\/uploads\/2023\/04\/bar-100x100.jpg?v=1682828278 100w\" sizes=\"auto, (max-width: 1024px) 100vw, 1024px\" \/><\/figure>\n\n\n\r\n<div class=\"acadp acadp-listings acadp-grid-view\">\r\n\t\t\t<!-- header here -->\r\n        <p>Locales comerciales en Valle de Bravo y Av\u00e1ndaro<\/p>        \r\n                    <div class=\"row acadp-no-margin\">\r\n                <form action=\"https:\/\/todovalle.com\/bienes-raices-en-valle-de-bravo\/locales-comerciales\/\" method=\"POST\" class=\"form-inline\">\r\n                    <div class=\"btn-toolbar\" role=\"toolbar\">\r\n                                        \r\n                                                    <!-- Orderby dropdown -->\r\n                            <div class=\"btn-group pull-right acadp-xs-clear-float\" role=\"group\">\r\n                                <div class=\"form-group\">\r\n                                    <select name=\"sort\" class=\"form-control\" onchange=\"this.form.action=this.value; this.form.submit();\">\r\n                                        <option value=\"\/bienes-raices-en-valle-de-bravo\/wp-json\/wp\/v2\/pages\/2204?sort=date-desc\">-- Ordenar por --<\/option><option value=\"\/bienes-raices-en-valle-de-bravo\/wp-json\/wp\/v2\/pages\/2204?sort=title-asc\" >A to Z (title)<\/option><option value=\"\/bienes-raices-en-valle-de-bravo\/wp-json\/wp\/v2\/pages\/2204?sort=title-desc\" >Z to A (title)<\/option><option value=\"\/bienes-raices-en-valle-de-bravo\/wp-json\/wp\/v2\/pages\/2204?sort=date-desc\"  selected='selected'>Recently added (latest)<\/option><option value=\"\/bienes-raices-en-valle-de-bravo\/wp-json\/wp\/v2\/pages\/2204?sort=date-asc\" >Date added (oldest)<\/option><option value=\"\/bienes-raices-en-valle-de-bravo\/wp-json\/wp\/v2\/pages\/2204?sort=views-desc\" >M\u00e1s vistos<\/option><option value=\"\/bienes-raices-en-valle-de-bravo\/wp-json\/wp\/v2\/pages\/2204?sort=views-asc\" >Menos visto<\/option><option value=\"\/bienes-raices-en-valle-de-bravo\/wp-json\/wp\/v2\/pages\/2204?sort=price-asc\" >Price (low to high)<\/option><option value=\"\/bienes-raices-en-valle-de-bravo\/wp-json\/wp\/v2\/pages\/2204?sort=price-desc\" >Price (high to low)<\/option>                                    <\/select>\r\n                                <\/div>\r\n                            <\/div>\r\n                                                \r\n                                           \r\n                    <\/div>\r\n                <\/form>\r\n            <\/div>\r\n                \r\n\t<div class=\"acadp-divider\"><\/div>\r\n    \r\n\t<!-- the loop -->\r\n    <div class=\"acadp-body\">\r\n\t\t    \r\n                            <div class=\"row\">\r\n                        \r\n                <div class=\"col-md-4\">\r\n                    <div class=\"thumbnail acadp-entry\">\r\n                                                    <a href=\"https:\/\/todovalle.com\/bienes-raices-en-valle-de-bravo\/acadp_listings\/local-en-renta-a-unos-pasos-del-centro-de-valle-de-bravo\/\" class=\"acadp-responsive-container\"><img decoding=\"async\" src=\"https:\/\/todovalle.com\/bienes-raices-en-valle-de-bravo\/wp-content\/uploads\/2024\/05\/local-en-renta-04-300x225.jpg?v=1716321316\" alt=\"\" \/><\/a>      \t\r\n                                        \r\n                        <div class=\"caption\">\r\n                            <div class=\"acadp-listings-title-block\">\r\n                                <h3 class=\"acadp-no-margin\"><a href=\"https:\/\/todovalle.com\/bienes-raices-en-valle-de-bravo\/acadp_listings\/local-en-renta-a-unos-pasos-del-centro-de-valle-de-bravo\/\">Local en renta a unos pasos del centro de Valle de Bravo<\/a><\/h3>\r\n                            <\/div>\r\n                            \r\n                            <p class=\"acadp-no-margin\"><small class=\"text-muted\"><\/small><\/p><p class=\"acadp-no-margin\"><small><span class=\"glyphicon glyphicon-briefcase\"><\/span>&nbsp;<a href=\"https:\/\/todovalle.com\/bienes-raices-en-valle-de-bravo\/categoria-2\/locales-comerciales\/\">Locales comerciales<\/a> \/ <span class=\"glyphicon glyphicon-map-marker\"><\/span>&nbsp;<a href=\"https:\/\/todovalle.com\/bienes-raices-en-valle-de-bravo\/ubicacion\/valle-de-bravo\/\">Pueblo, Valle de Bravo<\/a> \/ <span class=\"label label-success\">Popular<\/span><\/small><\/p><p class=\"lead acadp-listings-price\">MXP 40,000.00<\/p>                            \r\n                                                    <\/div>\r\n                    <\/div>\r\n                <\/div>\r\n                \r\n                               \r\n            \r\n                        \r\n                <div class=\"col-md-4\">\r\n                    <div class=\"thumbnail acadp-entry\">\r\n                                                    <a href=\"https:\/\/todovalle.com\/bienes-raices-en-valle-de-bravo\/acadp_listings\/bodega-en-renta\/\" class=\"acadp-responsive-container\"><img decoding=\"async\" src=\"https:\/\/todovalle.com\/bienes-raices-en-valle-de-bravo\/wp-content\/uploads\/2022\/08\/WhatsApp-Image-2022-08-02-at-12.39.19-300x225.jpeg?v=1659470324\" alt=\"\" \/><\/a>      \t\r\n                                        \r\n                        <div class=\"caption\">\r\n                            <div class=\"acadp-listings-title-block\">\r\n                                <h3 class=\"acadp-no-margin\"><a href=\"https:\/\/todovalle.com\/bienes-raices-en-valle-de-bravo\/acadp_listings\/bodega-en-renta\/\">Bodega NO DISPONIBLE<\/a><\/h3>\r\n                            <\/div>\r\n                            \r\n                            <p class=\"acadp-no-margin\"><small class=\"text-muted\"><\/small><\/p><p class=\"acadp-no-margin\"><small><span class=\"glyphicon glyphicon-briefcase\"><\/span>&nbsp;<a href=\"https:\/\/todovalle.com\/bienes-raices-en-valle-de-bravo\/categoria-2\/locales-comerciales\/\">Locales comerciales<\/a> \/ <span class=\"glyphicon glyphicon-map-marker\"><\/span>&nbsp;<a href=\"https:\/\/todovalle.com\/bienes-raices-en-valle-de-bravo\/ubicacion\/santa-maria-pipioltepec\/\">Santa Ma Pipioltepec<\/a> \/ <span class=\"label label-success\">Popular<\/span><\/small><\/p><p class=\"lead acadp-listings-price\">MXP 30,000.00<\/p>                            \r\n                                                    <\/div>\r\n                    <\/div>\r\n                <\/div>\r\n                \r\n                            <\/div>\r\n                               \r\n            <\/div>\r\n    <!-- end of the loop -->\r\n    \r\n    <!-- use reset postdata to restore orginal query -->\r\n        \r\n    <!-- pagination here -->\r\n    <\/div>\r\n\r\n<div class=\"acadp-social\"><a class=\"acadp-social-link acadp-social-facebook\" href=\"https:\/\/www.facebook.com\/sharer\/sharer.php?u=https:\/\/todovalle.com\/bienes-raices-en-valle-de-bravo\/wp-json\/wp\/v2\/pages\/2204\" target=\"_blank\">Facebook<\/a> <a class=\"acadp-social-link acadp-social-twitter\" href=\"https:\/\/twitter.com\/intent\/tweet?text=Bodega%20NO%20DISPONIBLE&amp;url=https:\/\/todovalle.com\/bienes-raices-en-valle-de-bravo\/wp-json\/wp\/v2\/pages\/2204\" target=\"_blank\">Twiter<\/a> <a class=\"acadp-social-link acadp-social-whatsapp\" href=\"https:\/\/api.whatsapp.com\/send?text=Bodega%20NO%20DISPONIBLE&nbsp;https:\/\/todovalle.com\/bienes-raices-en-valle-de-bravo\/wp-json\/wp\/v2\/pages\/2204\" target=\"_blank\" data-text=\"Bodega%20NO%20DISPONIBLE\" data-link=\"https:\/\/todovalle.com\/bienes-raices-en-valle-de-bravo\/wp-json\/wp\/v2\/pages\/2204\">WhatsApp<\/a><\/div>\n<h2>Locales comerciales en Valle de Bravo y Av\u00e1ndaro<\/h2>\n<p>TodoValle ofrece una amplia selecci\u00f3n de locales comerciales en venta y renta en Valle de Bravo. Contamos con opciones en el centro y Av\u00e1ndaro. Ofrecemos asesoramiento personalizado y profesional. Nuestro compromiso es ofrecer un servicio de excelencia y conocimiento del mercado inmobiliario de Valle de Bravo. Conf\u00eda en nosotros para encontrar el local comercial que tu negocio necesita para crecer en una de las zonas m\u00e1s atractivas y pr\u00f3speras de M\u00e9xico.<\/p><!-- AddThis Advanced Settings generic via filter on the_content --><!-- AddThis Share Buttons generic via filter on the_content -->","protected":false},"excerpt":{"rendered":"<p>Locales comerciales en Valle de Bravo y Av\u00e1ndaro TodoValle ofrece una amplia selecci\u00f3n de locales comerciales en venta y renta en Valle de Bravo. Contamos con opciones en el centro y Av\u00e1ndaro. Ofrecemos asesoramiento personalizado y profesional. Nuestro compromiso es ofrecer un servicio de excelencia y conocimiento del mercado inmobiliario de Valle de Bravo. Conf\u00eda en nosotros para encontrar el local comercial que tu negocio necesita para crecer en una de las zonas m\u00e1s atractivas [&hellip;]<!-- AddThis Advanced Settings generic via filter on get_the_excerpt --><!-- AddThis Share Buttons generic via filter on get_the_excerpt --><\/p>\n","protected":false},"author":1,"featured_media":0,"parent":0,"menu_order":0,"comment_status":"closed","ping_status":"closed","template":"","meta":{"_monsterinsights_skip_tracking":false,"_monsterinsights_sitenote_active":false,"_monsterinsights_sitenote_note":"","_monsterinsights_sitenote_category":0,"footnotes":""},"class_list":["post-2204","page","type-page","status-publish","hentry"],"_links":{"self":[{"href":"https:\/\/todovalle.com\/bienes-raices-en-valle-de-bravo\/wp-json\/wp\/v2\/pages\/2204","targetHints":{"allow":["GET"]}}],"collection":[{"href":"https:\/\/todovalle.com\/bienes-raices-en-valle-de-bravo\/wp-json\/wp\/v2\/pages"}],"about":[{"href":"https:\/\/todovalle.com\/bienes-raices-en-valle-de-bravo\/wp-json\/wp\/v2\/types\/page"}],"author":[{"embeddable":true,"href":"https:\/\/todovalle.com\/bienes-raices-en-valle-de-bravo\/wp-json\/wp\/v2\/users\/1"}],"replies":[{"embeddable":true,"href":"https:\/\/todovalle.com\/bienes-raices-en-valle-de-bravo\/wp-json\/wp\/v2\/comments?post=2204"}],"version-history":[{"count":5,"href":"https:\/\/todovalle.com\/bienes-raices-en-valle-de-bravo\/wp-json\/wp\/v2\/pages\/2204\/revisions"}],"predecessor-version":[{"id":6296,"href":"https:\/\/todovalle.com\/bienes-raices-en-valle-de-bravo\/wp-json\/wp\/v2\/pages\/2204\/revisions\/6296"}],"wp:attachment":[{"href":"https:\/\/todovalle.com\/bienes-raices-en-valle-de-bravo\/wp-json\/wp\/v2\/media?parent=2204"}],"curies":[{"name":"wp","href":"https:\/\/api.w.org\/{rel}","templated":true}]}}